hat are the prime factors of d?
2, 11
List the prime factors of (-128)/(((-140)/(-75))/(-14)).
2, 3, 5
Suppose 0 = 2*h - 0*h - 4, 2*l - 30 = 5*h. List the prime factors of (-3)/15 + (1444/l - 2).
2, 5, 7
Let o(v) = -v - 15. Let d be o(-11). Let z(q) = -19*q - 12. List the prime factors of z(d).
2
Suppose 3*h = 1169 - 179. List the prime factors of h.
2, 3, 5, 11
Let p(j) be the second derivative of j**3/6 - 2*j**2 + 8*j. What are the prime factors of p(7)?
3
Let r be 2/(-5) + 1 + (-18)/30. Suppose r = 4*k - 207 - 65. List the prime factors of k.
2, 17
Suppose 0 = -5*u + 27 + 3. Suppose u*x = 3*x + 51. What are the prime factors of x?
17
Suppose 2*i = -2*i + u + 255, -5*i = -2*u - 321. Suppose -i = -5*r - 3. List the prime factors of r/10*210/28.
3
Suppose 859 = 4*v - v - 5*c, -5*c = 2*v - 606. List the prime factors of v.
293
Let m = 170 + 497. Suppose -2*u - 3*u + m = 4*c, 3*u - 390 = c. List the prime factors of u.
131
Let g(u) be the second derivative of -u**4/12 - 5*u**3/6 + 2*u**2 + u. Let o be g(-5). What are the prime factors of (0 - -160)/o - 0?
2, 5
Let y(z) = 4*z**2 + 2*z - 5. Let x(b) = 5*b**2 + 3*b - 6. Let k(a) = 5*x(a) - 6*y(a). Let h be k(-4). Suppose 6 + 98 = h*j. What are the prime factors of j?
2, 13
Suppose -q + 3*k = -6*q + 3658, 0 = -4*q + 5*k + 2956. Let v be 13/(-104) + q/(-16). Let a = v - -80. List the prime factors of a.
2, 17
Suppose 93 = -2*v + 7461. List the prime factors of v.
2, 3, 307
Let m(p) = -2 - 2*p + p - 4 + 0. Let o be m(8). List the prime factors of o/91 + 1798/26.
3, 23
Suppose 2*o + 6*o - 128 = 0. What are the prime factors of 574/o - (-1)/8?
2, 3
Let u(y) be the second derivative of y**3/3 - 4*y**2 - 5*y. Let s be u(-6). Let q = 29 + s. What are the prime factors of q?
3
Suppose 0 = -q - 5*z + 801, -21*q + 20*q + 4*z = -828. What are the prime factors of q?
2, 3, 17
Suppose 10*z + 304 = 3954. List the prime factors of z.
5, 73
Let q(z) = z**3 - 15*z**2 + 14*z + 12. Let d be q(14). Let n = 243 - d. List the prime factors of n.
3, 7, 11
Suppose -6*f = -10*f + 8. Suppose -3*u + 533 = w, -183 = -u + f*w + 3*w. What are the prime factors of u?
2, 89
Suppose -d - 5*q = -180, -2*d + 4*q + 326 + 76 = 0. Suppose 0 = -3*h + 2*s - 0*s + 320, 2*h - 5*s = d. Let b = -75 + h. List the prime factors of b.
5, 7
Suppose 2*t + 6*t - 64 = 0. Let s(p) be the first derivative of p**4/2 - 16*p**3/3 + 5*p**2/2 - 9*p - 4. What are the prime factors of s(t)?
31
Suppose 15*i - 17083 - 8537 = 0. List the prime factors of i.
2, 7, 61
Let a be (-2)/(-2 - 3/(-2)). Suppose 4*m - f = -0*m + 1, 0 = -4*f - a. Suppose 0 = c + 2*j - 3, -5*c - 2*j + 53 + 2 = m. List the prime factors of c.
13
Suppose w = -q - 2, -q = 2*q + 3. Let o(j) = -j + 1. Let s be o(w). Let z = 19 - s. List the prime factors of z.
17
Let z(h) = 6*h**2 - h + 2. Suppose 0 = -0*f - f. Suppose f*l - 4 = 2*l. List the prime factors of z(l).
2, 7
Let v(i) = -13*i - 8. Let r be v(-6). Let o = -3 + r. What are the prime factors of o?
67
Suppose -46*u = -41*u - 6980. What are the prime factors of u?
2, 349
What are the prime factors of -4 + ((-1)/(-4) - (-6710)/8)?
5, 167
Let v(a) = a**3 + 9*a**2 + 1. Let x be v(-7). Let b = x - 20. List the prime factors of b.
79
Let u be (-36)/(-5) + 5/(-25). Suppose -z + 6 = u. List the prime factors of 3*(-57)/9*z.
19
Suppose 2*b + 0 = 10. Suppose -346 = -6*j + j + c, -2*c - 347 = -b*j. List the prime factors of j.
3, 23
Let r be 1/3 + (-1)/3. Suppose -5*p + 7*p = r. Suppose -w - 5*i = -3*w + 89, p = 2*i + 10. What are the prime factors of w?
2
Let i(j) = 43*j**2 - j + 44. What are the prime factors of i(8)?
2, 17, 41
Suppose -5*q - d = -33, 2*q - 9 = 3*q - 5*d. Suppose -4*r + 2*r + q = 0. Suppose -4*a = r*p - 82, -a = 2*a - 3. What are the prime factors of p?
2, 13
Suppose 2*u - u + 2*m = 89, 0 = 3*m + 3. List the prime factors of (u*3/(-15))/((-3)/15).
7, 13
Let x(g) be the first derivative of g**3/3 + 5*g**2/2 - 5*g + 3. Let t be x(5). Suppose -7*q + 3*q - 20 = 0, t = 2*w - q. List the prime factors of w.
2, 5
Suppose 19722 + 20950 = 16*h. List the prime factors of h.
2, 31, 41
What are the prime factors of (32/44)/(-4) + (-5084)/(-11)?
2, 3, 7, 11
Let s = 15 - 13. Suppose -4*r + 24 = 3*i, s*i + 0*r = -2*r + 14. Suppose i*k - 202 = 3*o, -3*o = 3*k - 79 - 62. List the prime factors of k.
7
List the prime factors of (-30)/(-24) - (-133670)/40.
3343
Let h = 442 + 122. Let t = h + -350. List the prime factors of t.
2, 107
Let j(w) = 5*w + 10. Let t be j(9). Suppose t = q + 2. What are the prime factors of q?
53
Let w(s) = s**2 + 2. Let a(v) = v + 13. Let b be a(-10). Let g = b + 5. List the prime factors of w(g).
2, 3, 11
Let o(h) be the second derivative of h**3/2 - 25*h**2/2 + 11*h. Let p be o(9). What are the prime factors of (1/(-2))/(p/(-32))?
2
Suppose -5*i - 2*x - 55 = 14, -24 = 2*i - x. List the prime factors of (82/3)/(i/(-39)).
2, 41
Let u be 2/3 - 8/3. Let t be 2*2*(-1)/4. What are the prime factors of (u/(-4) + t)*-26?
13
Let v = 100 + -8. Let t = v + -74. What are the prime factors of t?
2, 3
Suppose -257 = -3*v - t, -2*v = -3*t + 62 - 215. What are the prime factors of (-1)/5 - v/(-20)?
2
Let y(o) be the third derivative of -o**5/60 + 5*o**4/6 + 65*o**3/6 - 4*o**2 - 2. What are the prime factors of y(19)?
2, 3, 7
Suppose 0 = -3*b - 4*p + 385, -183 = -b + 2*p - 68. What are the prime factors of b?
3, 41
Let m = -1183 + 1659. What are the prime factors of m?
2, 7, 17
Let r = 18 + 4. Suppose 14 = 6*u - r. Suppose 4*m - u*m + 58 = 0. What are the prime factors of m?
29
Suppose 2*h = -311 + 437. List the prime factors of h.
3, 7
Let o(w) = 7*w**2 + 21*w + 3. Let r(k) = -6*k**2 - 20*k - 4. Let g(t) = 5*o(t) + 6*r(t). Let l be 7*(1 - (18/21 - -1)). What are the prime factors of g(l)?
3, 5
Let v(q) = q + 19. Let f be v(-13). List the prime factors of 1 - f - -2 - -20.
17
Let v = 1097 + -267. What are the prime factors of v?
2, 5, 83
Let z = 2265 + -1312. What are the prime factors of z?
953
Suppose 0 = 2*l - 2 + 4, 0 = -5*r - 3*l + 7. List the prime factors of (20/(-7) + r)/((-4)/504).
2, 3
Suppose 3*o = -0*o + 72. Suppose 11 = f - o. Suppose 4*a = f - 15, 0 = -q + a + 64. List the prime factors of q.
3, 23
Suppose -b + 0*b = 3*q - 26, 0 = -5*q + 5*b + 30. List the prime factors of 149/7 + q/(-28).
3, 7
Let x(p) = -2*p**3 - p**2 + 5*p - 2. Let l(n) = -1. Let g(f) = -3*l(f) - x(f). Suppose 0 = 4*k + 3*m - 8, -3*k = -k - m - 4. List the prime factors of g(k).
3, 5
Let v be (6/4)/((-3)/4) + 12. Suppose -v*c - 964 + 3864 = 0. What are the prime factors of c?
2, 5, 29
Let w(p) = -p**3 + 7*p**2 - 2*p + 3. Let x = 11 - 9. Suppose 3*y = 4*u - 23 - 13, -u + x*y = -14. What are the prime factors of w(u)?
3
Let w be (-98)/(-34) - (-2)/17. Suppose -4*l - 3*z = -0*l - 11, -2*l + w*z + 1 = 0. What are the prime factors of l?
2
Let g be (-8)/(-6) - (-2)/3. Suppose -27 = -3*x + 3*m, 3*m - 3 = -g*x - 10. Suppose -3*z - 31 = -5*l, -x*l + 0*l + 16 = 2*z. What are the prime factors of l?
5
What are the prime factors of 15*65/(-39)*(-214)/5?
2, 5, 107
Let i = 82 - 81. Suppose 2*h - 9 = -3*l, 7 = 2*h + 1. Let d = i + l. What are the prime factors of d?
2
Let g be (-9)/15 - (-12)/20. Let p = g - -24. What are the prime factors of p?
2, 3
Suppose 3*w - 2*u - 12968 = 0, -w + 3*w = -5*u + 8620. List the prime factors of w.
2, 3, 5
Let o be (-3 - -2)/1*-3. Suppose -2*c - o = -1. Let b = c + 19. List the prime factors of b.
2, 3
What are the prime factors of -16 + 132 - (-5)/((-15)/(-18))?
2, 61
Let b(f) = -f. Let n(i) be the first derivative of -i**3/3 + 17*i**2/2 + i - 4. Let z(l) = -6*b(l) - n(l). What are the prime factors of z(12)?
11
Suppose 16*l - 22074 = 3*l. What are the prime factors of l?
2, 3, 283
Let a(i) = -32*i - 59. List the prime factors of a(-7).
3, 5, 11
Let y(n) = -n**3 + 10*n**2 - 8*n - 17 + 12*n**2 - 8*n + n. What are the prime factors of y(21)?
109
Let h(v) be the second derivative of 1/6*v**3 + 5/2*v**2 + 0 + 7*v. What are the prime factors of h(4)?
3
Let m be (16/2)/(13 + -12). Suppose -196 = -4*d + 4*p, 160 = 4*d - 3*p + m*p. What are the prime factors of d?
3, 5
Let x(l) = -2*l - 4 + l + 3*l. Let r(g) = 71*g + 649. Let k be r(-9). List the prime factors of x(k).
2
Suppose v + 3*v = 4. What are the prime factors of 22/(-4)*(v + 